Let b = 684 + -690. What is u(b)?
5
Let f(i) = -i + 2. Let a = -25 + 25. Let x be f(a). Let d(k) = k**2 + k + 3. Let v(m) = -2*m**2 - 2*m - 5. Let u(h) = -5*d(h) - 3*v(h). What is u(x)?
6
Let s(z) = -25*z**3 + 24*z**3 + 8*z**2 - 11*z - 37 + 33. Determine s(6).
2
Let u(l) = -6*l**3 - l. Suppose -2*a - 2*a + 2*f = -8, 0 = -3*f - 6. Calculate u(a).
-7
Let o(v) = -7 - 34*v**2 + 16*v**2 + 19*v**2 - 12*v. Give o(10).
-27
Let v(s) be the first derivative of 1/3*s**4 + 8*s - 1/6*s**3 - 2 - 1/10*s**5 - s**2. Let a(h) be the first derivative of v(h). What is a(2)?
-4
Let h(v) = 2*v - 7. Let a(j) = j**2 - 5*j + 3. Let k be a(5). Let f be -2 + (27/k - 1). Give h(f).
5
Let t(m) = m**3 - 5*m**2 + 4*m - 6. Suppose 9 - 1 = 2*j. Give t(j).
-6
Let g = 692 + -694. Let i(n) = -n + 6. What is i(g)?
8
Suppose -2*g = 6, -g - 3*g - 9 = 3*h. Let y(b) = 9*b + 2. What is y(h)?
11
Let j(h) = h**3 - 4*h**2 + 4. Let u be j(3). Let n(z) = -z**2 - 3*z + 12. Let s be n(u). Let t(q) = 5 + 2*q**2 + 4*q + q - 2 - 3*q**s. What is t(4)?
7
Suppose -2 = -4*s + 6*s, 749 = 4*i + 3*s. Let g(u) = 188 - 6*u - i. What is g(2)?
-12
Suppose 3*d - 12 = 7*d. Let f(c) = c**2 - 7*c - 6. Let x be f(8). Let o(y) = -y + y**x + 3*y + 2*y + 2. Determine o(d).
-1
Suppose 73 = 12*h - 11. Let c(z) = -z**2 + 5*z + 1. Give c(h).
-13
Let o(g) = -2*g**2 + 1. Suppose -4*t - 14 = 14. Let y be (-1)/2*(-9 - t). What is o(y)?
-1
Let v(j) = j - j**2 + 10*j + 5 + 5*j**2 - 38*j**3 - 2 + 37*j**3. Calculate v(6).
-3
Suppose 0 = 4*c - 8 - 4. Let t(d) = d + 4 + d - 5 + d**c + 6 + 4*d**2. Let q = 19 + -23. Determine t(q).
-3
Suppose -5*j - 13 = c + 15, 0 = 4*j - 2*c + 14. Let p(i) = -i**3 - 6*i**2 - 2*i - 4. What is p(j)?
-19
Let w = -50 - -52. Let t be w/(-3) + (-121)/(-33). Let b(r) = -r**2 + 6*r + 2. Give b(t).
11
Let b(w) = 2*w**3 - 2*w**2 + 1. Suppose -2*j = -3*l + 71, 3*j - 5*j = -4*l + 98. Let g = l + -28. What is b(g)?
-3
Let m be 4/(11/6 - (-10)/(-4)). Let h(j) = 10*j + 8. Give h(m).
-52
Let t(f) be the third derivative of f**6/240 - f**5/40 - 3*f**4/4 - 7*f**2. Let m(i) be the second derivative of t(i). Calculate m(3).
6
Suppose -2199*p = -2193*p - 6. Let z(o) = -8*o + 2. What is z(p)?
-6
Suppose -5*n = 15, p - 3*p + 11 = -3*n. Let g(o) = -18*o. Give g(p).
-18
Let c(s) = 2*s**2 + s. Let k(z) = -4*z + 16. Let g(h) = -h. Let n(l) = -5*g(l) + k(l). Let j be n(-8). Suppose y - j = 3*p, 2*y + 4 = 4*y - 2*p. Calculate c(y).
1
Let s(h) be the third derivative of h**6/120 - h**5/60 + h**4/6 + 2*h**3/3 + 9*h**2 + 10*h. What is s(-1)?
-2
Let l(r) = -r**2 + 4*r + 2. Let t be l(4). Suppose -t*y - 2*y = -12. Suppose 5*o + y*w + 17 = 3*o, 5*o + 20 = -3*w. Let u(q) = -2*q**2 + q + 1. Determine u(o).
-2
Let y(z) = -2*z - 3. Suppose -4*w + 42 + 1 = v, -2*v + 26 = 3*w. Let g(i) = -i**2 + 12*i + 2. Let m be g(w). Let q be -3*(-1 + m)*1. Give y(q).
3
Let z(k) = -k**2 + 5*k - 2. Let x be z(4). Suppose -3*t = 0, -4*p + x*p = 4*t. Let o(f) = p + 3*f - 7*f + 4. Determine o(3).
-8
Suppose 4*i + 3 = 3*i. Let q(n) = n**2 + 3*n + 4. Let d be q(i). Suppose 0 = d*t + t. Let s(o) = -o - 5. Determine s(t).
-5
Suppose 0 = -3*d + 5*d + 2. Let n(k) = -5*k - 1. What is n(d)?
4
Let f = 13/10 - 4/5. Let a(d) be the first derivative of 10 - 6*d + f*d**2. Determine a(0).
-6
Let w = 53 - 48. Suppose 5*z + w = -5. Let m(v) = -v**2 - 3*v - 2. Give m(z).
0
Suppose 20 = 4*v + 3*s, -5*s + 16 = -4*v + 2*v. Let b(y) = 2 - y**3 - 4*y - 947*y**2 + y + 952*y**v. Determine b(4).
6
Let v(h) = -h**3 - 7*h**2 - 9*h. Let n(w) = 7 - 12*w**2 - 16*w**3 + 6*w**3 + 9*w**3 + 14*w. Let d be n(-13). Calculate v(d).
18
Let m(x) be the second derivative of -x**5/20 - x**4/6 + x**3/6 + 39*x. Suppose 0 = -2*j - 2*t + 1 + 3, -2*j - t - 1 = 0. Determine m(j).
6
Let t(l) = l**2 + l - 1. Let h be (-6)/(-4) - (-36)/24. Let s(r) = -h*r**2 + 2*r - 1 + 2*r - 2*r + r. Let b(p) = s(p) - 2*t(p). What is b(-1)?
-5
Let t(b) = -7 - 800*b - 799*b + 1601*b. Give t(0).
-7
Suppose -5*a - 36 - 14 = 0. Let u = a - -12. Let b(y) = y**3 - 6 + 5*y**2 + u + 3. Calculate b(-5).
-1
Suppose 0 = -14*u - 66 - 18. Let w(f) = -f**2 - 11*f + 4. What is w(u)?
34
Suppose -4*y - 8 - 178 = -5*l, -3*y + 4*l - 139 = 0. Let n be (y/14)/((-3)/(-6)). Let s(h) = -h**3 - 6*h**2 + 6*h - 5. Give s(n).
2
Let t(m) = m**3 - 8*m**2 + 8*m - 8. Let s be (-2)/10 - (-6)/5. Let v be (-2*7)/(s - 0 - 3). Determine t(v).
-1
Let b(s) = -2*s + 18. Suppose 4*c + 39 = 91. Give b(c).
-8
Let z(u) be the first derivative of -1/2*u**2 - 5/4*u**4 - 1/3*u**3 + u + 3. Determine z(1).
-6
Suppose 119*u - 124*u + 30 = 0. Let r(k) = k - 6. Calculate r(u).
0
Suppose 0 = i - 1 + 4. Let h(m) be the third derivative of m**4/24 - m**3/3 - 4*m**2. Let p(l) = l - 3. Let q(n) = 4*h(n) - 3*p(n). Give q(i).
-2
Let c be 238/(-26) - (-4 - (-50)/13). Let j(s) = s**2 + 9*s + 13. Determine j(c).
13
Let m(o) be the third derivative of o**4/24 + 31*o**3/6 + 197*o**2. Determine m(-20).
11
Let h(u) = 4*u**3 - 5*u**2 - 7*u + 1. Let y(n) = -5*n**3 + 9*n**2 + 7*n - 1. Let o(r) = 4*h(r) + 3*y(r). Determine o(-8).
-7
Let d = 9 - 6. Suppose 0 = -5*w + 5*c + 5, d*w + c + 9 = -0*c. Let u(a) = 2*a - 3 + 0 + 6 - 2*a**2. What is u(w)?
-9
Let w(y) = 2*y**3 + 27*y**2 - 33*y - 13. Let a(j) = j**3 + 14*j**2 - 17*j - 6. Let f(t) = 11*a(t) - 6*w(t). Let i be (0 - 9)*67/67. Calculate f(i).
-6
Let g(k) = k**3 - 6*k**2 + 4*k. Let d be g(5). Let o = -12 - d. Let y(n) = -5*n + 0*n + 5*n + n + 12. Give y(o).
5
Let c(x) = x**2 + 7*x - 7. Let b(k) = -14*k + 48. Let m be b(4). Determine c(m).
1
Let n(m) be the first derivative of -m**2/2 + 2*m - 41. Give n(1).
1
Let v(f) = -f - 7. Let r(n) = -n - 8. Let p(l) = 5*r(l) - 6*v(l). Let b(s) = -2*s - 1. Let h(k) = -3*b(k) - 4*p(k). What is h(6)?
7
Let j(i) be the second derivative of -i**5/20 - i**4/6 + i**3 + i**2 - 702*i. Calculate j(-4).
10
Suppose 11*l - 628 + 639 = 0. Let s(w) = -5*w**2 - w - 1. Calculate s(l).
-5
Suppose -i + 35 = 4*a, -27 - 7 = -5*a + 2*i. Let s(t) = t**3 - 9*t**2 + 10*t - 6. Calculate s(a).
10
Let x(t) be the first derivative of t**4/4 - t**3/3 - t**2 - t - 52. Determine x(3).
11
Let a(d) be the third derivative of 0 + 1/60*d**5 + 0*d + 7/6*d**3 - 3/8*d**4 - 8*d**2. Give a(7).
-7
Let m(o) = o**2 - 13. Let v be (3 + -1 - 1) + -4. Let r be m(v). Let n(y) = y. Give n(r).
-4
Suppose 3*p + l - 59 = 0, 2*l = 2*p - 3*l - 45. Suppose -3*r + 3*s = 6, -3*r + 8*r + 5*s = p. Let f(g) = 0 - 1 + 0 + 2*g**2. What is f(r)?
1
Let d(k) be the second derivative of -k**3/6 + 3*k**2 + 2*k - 64. What is d(3)?
3
Let o(v) = v**2. Let j(z) = -9*z**3 + 4*z**2 + 4*z + 7. Let w(g) = -g**3 + g**2 + g + 1. Let p(r) = j(r) - 6*w(r). Let u(f) = -3*o(f) - p(f). Determine u(1).
3
Let t be 2 - (6/(-21))/((-2)/14). Suppose -3*q = -2*y + 16, 2*q + y + 20 = -t*q. Let l(c) = -3*c + 3*c - c - 11. What is l(q)?
-3
Suppose -23*w = -4*w + 57. Let p(z) = z**3 - 7*z + 1. Give p(w).
-5
Let x(v) = 3*v**2 + 3*v + 3. Let j be x(-2). Let b(u) = 2 - u + 0*u - 6 - j. Determine b(-8).
-5
Let k(u) = -94*u + 187*u - 2 - 91*u. Give k(-3).
-8
Let y(h) = -4*h**3 - h**2 + 2*h + 3. Suppose 3*q + 5*t - 4 = 0, 3*t = 19*q - 20*q + 4. What is y(q)?
27
Let y(h) = -h**2 - 3*h - 1. Suppose -4*b = -3*b - m + 24, 4*b + 101 = 3*m. Let w = b + 27. Let q = w + -2. Give y(q).
-5
Suppose v = -2*f + 102, -f - 8*v + 37 = -4*v. Let n = -46 + f. Let m(w) = -w**3 + 8*w**2 - 7*w + 10. Determine m(n).
10
Let a(y) = 16*y - 6. Let z(p) = 3*p. Let n(i) = -a(i) + 6*z(i). What is n(10)?
26
Let b(w) = 4*w**3 + 21*w**2 + 13*w - 6. Let d(u) = 7*u**3 + 40*u**2 + 26*u - 13. Let s(c) = 5*b(c) - 3*d(c). What is s(-14)?
-5
Let c(y) = y**2 + 6*y - 5. Let x be c(-7). Suppose 4 = -4*v + 5*v. Let k(g) = g**2 + 2 - v - x. Determine k(0).
-4
Let i(l) = -9*l - 14. Let p be i(-4). Let o = p + -23. Let v(b) = -5*b**3 - b**2 - b. Give v(o).
5
Let g(a) = 2*a**2 + 15*a - 114. Let s be g(5). Let c(h) be the first derivative of -5/4*h**4 + h**2 + s + 0*h**3 - h. Determine c(1).
-4
Suppose 5*m - 21 = -2*z, -4 = -3*m + 5. Let f(q) = -q**2 + 491 + 489 - 977. Calculate f(z).
-6
Let y(r) = -r + 8 + 3*r - 9*r. Let b(k) = k - 1. Let o(p) = -40*b(p) - 5*y(p). Determine o(-2).
10
Suppose 3*w = 5*m + 8*w + 5, 3*m - 9 = 3*w. Let o be (-3 + m)*(-6)/4. Let k(t) = 6 + 6*t - 2*t + 2*t - 11*t + 4*t. Calculate k(o).
3
Let v(u) = -2*u**2 + 